 is the greatest common factor of m and 10?
10
Let b(f) = f**3 - 7*f**2 + 5*f + 87. Let s be b(10). Calculate the greatest common factor of 76 and s.
19
Let w = -16 - -13. Let j be w/((-12)/(-4))*-1. Let i be (-8 + 73)*(j - 0). Calculate the highest common factor of 26 and i.
13
Suppose -1098 = -734*f + 733*f. What is the highest common divisor of f and 18?
18
Let a be 92430/210 - 2/14. Calculate the highest common divisor of a and 40.
40
Let v(d) be the third derivative of 11*d**4/12 + d**3/6 + 2*d**2. Suppose 0 = -6*s + 12. Let u be v(s). Calculate the highest common divisor of 9 and u.
9
Suppose 0 = 2*b + 2*k + 3*k - 2900, 0 = 4*b + 3*k - 5800. Calculate the greatest common factor of 58 and b.
58
Let b be 2/3 + (-7)/(-3). Suppose -2*o + s = -214, 0 = -s + b*s + 8. What is the highest common divisor of o and 15?
15
Suppose 728 - 26 = 6*j. Let w = -52 + j. What is the highest common factor of 5 and w?
5
Suppose z - 2*p - 502 = 0, p = -3*z - 773 + 2314. What is the highest common factor of 8 and z?
8
Suppose s - 14 = v, -2 = v + 3*s + 4. Let t = v + 15. What is the highest common divisor of t and 15?
3
Suppose -2*t + 14 = -20. Suppose -5*a = -1186 - 514. Suppose -4*v = v - a. What is the highest common factor of v and t?
17
Suppose 7*n + 2*n = 2322. Suppose -5*i + n = -7*x + 5*x, -3*i + 142 = 2*x. Calculate the greatest common factor of i and 20.
10
Let o = -545 + 689. Calculate the highest common factor of 4 and o.
4
Suppose f = -3*r + 69, -4*f + 177 = -r - 73. Let q = 17 + -8. What is the greatest common factor of q and f?
9
Let a(q) = -2*q + 13. Let f be a(8). Let p be (92/(-16))/(f/(-72)). Let x be (-23)/p + (-107)/(-6). What is the greatest common divisor of 18 and x?
18
Let k be (-16)/(640/(-570)) + (-9)/(-12). Calculate the greatest common factor of 960 and k.
15
Suppose -10*s + 24 = -14*s. Let b be (120/(-100))/(s/140). What is the highest common divisor of b and 7?
7
Suppose 19*p - 5*p = 154. Calculate the highest common divisor of 4 and p.
1
Suppose -y - y = -4*i + 34, 0 = -4*i + 4*y + 44. Suppose i*z - 358 = -28. What is the highest common divisor of 22 and z?
11
Let v = -37 - -77. Let j = v - 1. Let l(c) = -2*c**3 - 37*c**2 + 22*c + 83. Let i be l(-19). Calculate the highest common factor of i and j.
13
Suppose 0 = 39*r - 42*r - 3*q + 1362, -2*r - q + 909 = 0. Calculate the greatest common divisor of 130 and r.
65
Let k(t) = -5*t**2 - 218*t - 77. Let l be k(-43). What is the highest common divisor of l and 1157?
13
Let o be (-3 - -4)/1 - -142. Suppose -v = -4*q + 123, -3*v = 5*q - q - o. What is the highest common factor of q and 40?
8
Let c = 987 - -263. Calculate the greatest common divisor of 100 and c.
50
Suppose 0 = n - a - 158, -2*n + 5*a + 329 - 28 = 0. Suppose v + 0*y + 3*y - n = 0, -v - 4*y + 164 = 0. Calculate the greatest common factor of v and 20.
20
Suppose -7 = -3*h + 14. Let p be -4*(52/(-7) + 3/7). Calculate the greatest common factor of p and h.
7
Let w = -6 + 13. Let f = 7 - w. Suppose 3*b = -t + 83 + 113, f = 5*t - b - 1044. What is the greatest common divisor of 26 and t?
26
Let x(k) = -2*k + 1. Let s be x(-6). Let g = -125 + 129. Suppose -t + 3 = -5*o, -t - g*t - 2*o + 69 = 0. Calculate the highest common factor of s and t.
13
Let f = 9 + -9. Let h(y) = -4*y + 3. Let k be h(f). What is the greatest common divisor of k and 2?
1
Let b be (-14)/(-6) + (-2)/(-3). Suppose 0*c - 12 = -4*c. Suppose 3*t = -b*n - 0*t + 168, 170 = c*n + 5*t. Calculate the highest common factor of n and 11.
11
Let u = -648 + 674. Calculate the highest common factor of u and 52.
26
Let n be 1/(-2) - (-614)/4. Suppose 3*h + 5*z = 27, -6*z = -h - z + 9. Calculate the highest common divisor of n and h.
9
Let d be -2 - (115/(-3) + 8/(-12)). Let o = 5 + d. What is the highest common factor of o and 28?
14
Suppose -1670*w - 1300 = -1683*w. Calculate the highest common divisor of 1100 and w.
100
Let m be 126 + 8/(-10)*-5. What is the greatest common divisor of m and 65?
65
Suppose -16*r = -9*r - 112. Let w(o) = -o**3 + 5*o**2 - 3*o + 4. Let l be w(4). Calculate the highest common factor of r and l.
8
Suppose -5*r - 65 = -5*g, 5*g - 3*g = -5*r - 44. Let u be (-2 + 1)*r*2. Suppose -9 = -3*z + 81. What is the greatest common divisor of u and z?
10
Let a(h) = -12*h + 22*h - 11*h. Let z be a(-7). What is the greatest common factor of z and 28?
7
Let a(f) = 1 + 7 + f + 3. Let v be a(-9). Suppose 15 = -v*s + 3*s. Calculate the highest common factor of s and 135.
15
Let a = 15 + -9. Let g(o) = o**3 + 9*o**2 + 6*o - 30. Let l be g(-6). Calculate the greatest common divisor of l and a.
6
Suppose j - 4 = -1. Suppose 0 = j*k + 5*a - 363, k - 87 - 34 = -a. Calculate the greatest common factor of 11 and k.
11
Let r be (-33)/2*(-15 - (-12 + 7)). Calculate the greatest common divisor of r and 45.
15
Suppose 64 + 17 = v. Let k = 2899 - 2845. Calculate the highest common factor of v and k.
27
Suppose -596 = -11*k + 559. What is the greatest common divisor of k and 42?
21
Let o(g) = -2*g + 6. Let j be o(-19). Calculate the highest common divisor of j and 286.
22
Let z(h) = -h**2 - 20*h - 41. Let q be z(-12). Calculate the highest common divisor of 20 and q.
5
Suppose -6*t + 3*i - 83 = -2*t, 0 = 2*t + 2*i + 52. Let m = t - -43. Let o be ((-30)/(-5))/((-6)/(-220)). What is the greatest common factor of o and m?
20
Let o be 16/10 + (-4)/(-10). Suppose -3*y - 38 = -k, k + 2*y = o*k - 37. What is the highest common divisor of 5 and k?
5
Let v = 64 - 60. Suppose 3*s - 3*k - 9 = 0, 5*s + 8*k - v*k - 51 = 0. What is the greatest common factor of s and 49?
7
Let g be 696 + 3 + (5 - (0 + -1)). What is the highest common factor of 94 and g?
47
Let d be 1 - (0 - (3 - 0)). Suppose 16 = 4*y + 4*n, -d*y + 4*n + n = -16. What is the greatest common factor of 2 and y?
2
Suppose 3*i - 4 = i. Suppose -i*g - 3*q + 177 = 0, 2*g + q - 4*q = 147. Suppose 42*j = -33*j + 18*j + 513. What is the highest common factor of g and j?
9
Let u(l) = 3*l**2 - 6*l**2 - 4*l + 2*l**2 + 2*l**2 - 26. Let x be u(12). What is the highest common factor of 10 and x?
10
Suppose 5*l - d - 284 = 0, -14 = l + 4*d - 75. Calculate the greatest common divisor of 152 and l.
19
Let f(t) = 2*t**2 + 4*t - 5. Let m be f(-4). Let y = -3970 - -4069. Calculate the greatest common factor of m and y.
11
Let w be (6/(-2))/(84/(-3556)). Let o = 149 - w. Calculate the highest common factor of 55 and o.
11
Suppose 33 = -u - 56. Let k = 173 + u. What is the highest common factor of 42 and k?
42
Let g(z) = z**2 - 22*z + 103. Let r be g(17). Calculate the greatest common factor of r and 27.
9
Suppose -17 + 53 = l. Calculate the greatest common factor of 14 and l.
2
Suppose 2*t + 4*p - 15 = 47, 0 = -3*p + 9. Suppose -2*u - 9 = -t. What is the highest common divisor of u and 88?
8
Let w(p) = -7*p + 1. Let x be w(-1). Suppose 7*g - 124 + 68 = 0. What is the greatest common factor of g and x?
8
Suppose 0 = -2*f + 6*f - 16. Let q be 6/(-10) - 263/(-5). Let n = q - 32. What is the highest common divisor of n and f?
4
Suppose -g + 4*o + o = -257, -3*o = 5*g - 1257. Calculate the greatest common factor of 42 and g.
42
Suppose 9*d - 14 = 7*d. Let n(r) = -r**2 + r + 66. Let x be n(0). Let i = 122 - x. Calculate the highest common factor of i and d.
7
Let a be 2*-1*(-5)/10. Suppose 2*v + 13 = -b, 4*b = -v - 11 + a. Let c be 16 - (v/(-2) - 2). Calculate the greatest common factor of c and 15.
15
Let b be 64/20*(-2 - -22). Let n be 242/(-6) - (-1)/3. Let l = b + n. What is the greatest common factor of 24 and l?
24
Let w(o) = o**2 + 18*o + 2. Let y be w(-18). Suppose 2*l - 68 = -a, 120 = 3*l - 5*a + y*a. What is the greatest common divisor of 24 and l?
12
Let u be 2 - 18*(-2)/3. Let b be u/28 - 47/(-2). What is the greatest common factor of b and 3?
3
Suppose 2*r = -i + 135, 4*i - 166 = 4*r - 454. Calculate the highest common factor of r and 115.
23
Let h be (-87)/174*3*(0 + -2). Calculate the highest common factor of h and 858.
3
Suppose -4*j = 4*t + 316, 2*t + 5*j + 148 = -25. Let m be ((-12)/54 + t/(-90))*95. What is the highest common factor of m and 38?
19
Let i(h) be the third derivative of h**4/3 - h**2. Suppose -9*o + 10*o = 3. Let a be i(o). Calculate the highest common factor of a and 8.
8
Let y be 0 + 0 + (3 - 6/3). Let t be (-2